{"id":2429,"date":"2017-10-12T10:00:53","date_gmt":"2017-10-12T13:00:53","guid":{"rendered":"http:\/\/grupoclinicasrenascer.com.br\/?post_type=clinica&amp;p=377"},"modified":"2017-10-12T10:00:53","modified_gmt":"2017-10-12T13:00:53","slug":"clinica-de-reabilitacao-itu-2-sp","status":"publish","type":"clinica","link":"https:\/\/clinicacorrentedobem.com.br\/?clinica=clinica-de-reabilitacao-itu-2-sp","title":{"rendered":"Unidade Itu 2  &#8211; SP"},"content":{"rendered":"<h4>Estrutura<\/h4>\n<p>Piscina, lago para pesca, campo de futebol,\u00a0Sala de TV, Sala de jogos,\u00a0\u00a0Monitor 24h,\u00a0Psic\u00f3logo,<br \/>\nPsiquiatra,\u00a0Enfermeiro,\u00a0Terapeuta,\u00a0Quartos coletivos, 4\u00a0refei\u00e7\u00f5es<\/p>\nThe gallery was not found!\n","protected":false},"featured_media":2494,"template":"","tipos":[94],"class_list":["post-2429","clinica","type-clinica","status-publish","has-post-thumbnail","hentry","tipos-unidade-masculina"],"yoast_head":"<!-- This site is optimized with the Yoast SEO plugin v27.4 - https:\/\/yoast.com\/product\/yoast-seo-wordpress\/ -->\n<title>Unidade Itu 2 - SP - Cl\u00ednica Corrente do Bem<\/title>\n<meta name=\"robots\" content=\"index, follow, max-snippet:-1, max-image-preview:large, max-video-preview:-1\" \/>\n<link rel=\"canonical\" href=\"https:\/\/clinicacorrentedobem.com.br\/?clinica=clinica-de-reabilitacao-itu-2-sp\" \/>\n<meta property=\"og:locale\" content=\"pt_BR\" \/>\n<meta property=\"og:type\" content=\"article\" \/>\n<meta property=\"og:title\" content=\"Unidade Itu 2 - SP - Cl\u00ednica Corrente do Bem\" \/>\n<meta property=\"og:description\" content=\"Estrutura Piscina, lago para pesca, campo de futebol,\u00a0Sala de TV, Sala de jogos,\u00a0\u00a0Monitor 24h,\u00a0Psic\u00f3logo, Psiquiatra,\u00a0Enfermeiro,\u00a0Terapeuta,\u00a0Quartos coletivos, 4\u00a0refei\u00e7\u00f5es\" \/>\n<meta property=\"og:url\" content=\"https:\/\/clinicacorrentedobem.com.br\/?clinica=clinica-de-reabilitacao-itu-2-sp\" \/>\n<meta property=\"og:site_name\" content=\"Cl\u00ednica Corrente do Bem\" \/>\n<meta property=\"og:image\" content=\"https:\/\/clinicacorrentedobem.com.br\/wp-content\/uploads\/2017\/10\/IMG-20180619-WA0029.jpg\" \/>\n\t<meta property=\"og:image:width\" content=\"1040\" \/>\n\t<meta property=\"og:image:height\" content=\"780\" \/>\n\t<meta property=\"og:image:type\" content=\"image\/jpeg\" \/>\n<meta name=\"twitter:card\" content=\"summary_large_image\" \/>\n<meta name=\"twitter:label1\" content=\"Est. tempo de leitura\" \/>\n\t<meta name=\"twitter:data1\" content=\"1 minuto\" \/>\n<script type=\"application\/ld+json\" class=\"yoast-schema-graph\">{\"@context\":\"https:\\\/\\\/schema.org\",\"@graph\":[{\"@type\":\"WebPage\",\"@id\":\"https:\\\/\\\/clinicacorrentedobem.com.br\\\/?clinica=clinica-de-reabilitacao-itu-2-sp\",\"url\":\"https:\\\/\\\/clinicacorrentedobem.com.br\\\/?clinica=clinica-de-reabilitacao-itu-2-sp\",\"name\":\"Unidade Itu 2 - SP - Cl\u00ednica Corrente do Bem\",\"isPartOf\":{\"@id\":\"https:\\\/\\\/clinicacorrentedobem.com.br\\\/#website\"},\"primaryImageOfPage\":{\"@id\":\"https:\\\/\\\/clinicacorrentedobem.com.br\\\/?clinica=clinica-de-reabilitacao-itu-2-sp#primaryimage\"},\"image\":{\"@id\":\"https:\\\/\\\/clinicacorrentedobem.com.br\\\/?clinica=clinica-de-reabilitacao-itu-2-sp#primaryimage\"},\"thumbnailUrl\":\"https:\\\/\\\/clinicacorrentedobem.com.br\\\/wp-content\\\/uploads\\\/2017\\\/10\\\/IMG-20180619-WA0029.jpg\",\"datePublished\":\"2017-10-12T13:00:53+00:00\",\"breadcrumb\":{\"@id\":\"https:\\\/\\\/clinicacorrentedobem.com.br\\\/?clinica=clinica-de-reabilitacao-itu-2-sp#breadcrumb\"},\"inLanguage\":\"pt-BR\",\"potentialAction\":[{\"@type\":\"ReadAction\",\"target\":[\"https:\\\/\\\/clinicacorrentedobem.com.br\\\/?clinica=clinica-de-reabilitacao-itu-2-sp\"]}]},{\"@type\":\"ImageObject\",\"inLanguage\":\"pt-BR\",\"@id\":\"https:\\\/\\\/clinicacorrentedobem.com.br\\\/?clinica=clinica-de-reabilitacao-itu-2-sp#primaryimage\",\"url\":\"https:\\\/\\\/clinicacorrentedobem.com.br\\\/wp-content\\\/uploads\\\/2017\\\/10\\\/IMG-20180619-WA0029.jpg\",\"contentUrl\":\"https:\\\/\\\/clinicacorrentedobem.com.br\\\/wp-content\\\/uploads\\\/2017\\\/10\\\/IMG-20180619-WA0029.jpg\",\"width\":1040,\"height\":780},{\"@type\":\"BreadcrumbList\",\"@id\":\"https:\\\/\\\/clinicacorrentedobem.com.br\\\/?clinica=clinica-de-reabilitacao-itu-2-sp#breadcrumb\",\"itemListElement\":[{\"@type\":\"ListItem\",\"position\":1,\"name\":\"In\u00edcio\",\"item\":\"https:\\\/\\\/clinicacorrentedobem.com.br\\\/\"},{\"@type\":\"ListItem\",\"position\":2,\"name\":\"Unidade Itu 2 &#8211; SP\"}]},{\"@type\":\"WebSite\",\"@id\":\"https:\\\/\\\/clinicacorrentedobem.com.br\\\/#website\",\"url\":\"https:\\\/\\\/clinicacorrentedobem.com.br\\\/\",\"name\":\"Cl\u00ednica Corrente do Bem\",\"description\":\"Depend\u00eancia Qu\u00edmica, Alcoolismo e Transtornos Mentais\",\"potentialAction\":[{\"@type\":\"SearchAction\",\"target\":{\"@type\":\"EntryPoint\",\"urlTemplate\":\"https:\\\/\\\/clinicacorrentedobem.com.br\\\/?s={search_term_string}\"},\"query-input\":{\"@type\":\"PropertyValueSpecification\",\"valueRequired\":true,\"valueName\":\"search_term_string\"}}],\"inLanguage\":\"pt-BR\"}]}<\/script>\n<!-- \/ Yoast SEO plugin. -->","yoast_head_json":{"title":"Unidade Itu 2 - SP - Cl\u00ednica Corrente do Bem","robots":{"index":"index","follow":"follow","max-snippet":"max-snippet:-1","max-image-preview":"max-image-preview:large","max-video-preview":"max-video-preview:-1"},"canonical":"https:\/\/clinicacorrentedobem.com.br\/?clinica=clinica-de-reabilitacao-itu-2-sp","og_locale":"pt_BR","og_type":"article","og_title":"Unidade Itu 2 - SP - Cl\u00ednica Corrente do Bem","og_description":"Estrutura Piscina, lago para pesca, campo de futebol,\u00a0Sala de TV, Sala de jogos,\u00a0\u00a0Monitor 24h,\u00a0Psic\u00f3logo, Psiquiatra,\u00a0Enfermeiro,\u00a0Terapeuta,\u00a0Quartos coletivos, 4\u00a0refei\u00e7\u00f5es","og_url":"https:\/\/clinicacorrentedobem.com.br\/?clinica=clinica-de-reabilitacao-itu-2-sp","og_site_name":"Cl\u00ednica Corrente do Bem","og_image":[{"width":1040,"height":780,"url":"https:\/\/clinicacorrentedobem.com.br\/wp-content\/uploads\/2017\/10\/IMG-20180619-WA0029.jpg","type":"image\/jpeg"}],"twitter_card":"summary_large_image","twitter_misc":{"Est. tempo de leitura":"1 minuto"},"schema":{"@context":"https:\/\/schema.org","@graph":[{"@type":"WebPage","@id":"https:\/\/clinicacorrentedobem.com.br\/?clinica=clinica-de-reabilitacao-itu-2-sp","url":"https:\/\/clinicacorrentedobem.com.br\/?clinica=clinica-de-reabilitacao-itu-2-sp","name":"Unidade Itu 2 - SP - Cl\u00ednica Corrente do Bem","isPartOf":{"@id":"https:\/\/clinicacorrentedobem.com.br\/#website"},"primaryImageOfPage":{"@id":"https:\/\/clinicacorrentedobem.com.br\/?clinica=clinica-de-reabilitacao-itu-2-sp#primaryimage"},"image":{"@id":"https:\/\/clinicacorrentedobem.com.br\/?clinica=clinica-de-reabilitacao-itu-2-sp#primaryimage"},"thumbnailUrl":"https:\/\/clinicacorrentedobem.com.br\/wp-content\/uploads\/2017\/10\/IMG-20180619-WA0029.jpg","datePublished":"2017-10-12T13:00:53+00:00","breadcrumb":{"@id":"https:\/\/clinicacorrentedobem.com.br\/?clinica=clinica-de-reabilitacao-itu-2-sp#breadcrumb"},"inLanguage":"pt-BR","potentialAction":[{"@type":"ReadAction","target":["https:\/\/clinicacorrentedobem.com.br\/?clinica=clinica-de-reabilitacao-itu-2-sp"]}]},{"@type":"ImageObject","inLanguage":"pt-BR","@id":"https:\/\/clinicacorrentedobem.com.br\/?clinica=clinica-de-reabilitacao-itu-2-sp#primaryimage","url":"https:\/\/clinicacorrentedobem.com.br\/wp-content\/uploads\/2017\/10\/IMG-20180619-WA0029.jpg","contentUrl":"https:\/\/clinicacorrentedobem.com.br\/wp-content\/uploads\/2017\/10\/IMG-20180619-WA0029.jpg","width":1040,"height":780},{"@type":"BreadcrumbList","@id":"https:\/\/clinicacorrentedobem.com.br\/?clinica=clinica-de-reabilitacao-itu-2-sp#breadcrumb","itemListElement":[{"@type":"ListItem","position":1,"name":"In\u00edcio","item":"https:\/\/clinicacorrentedobem.com.br\/"},{"@type":"ListItem","position":2,"name":"Unidade Itu 2 &#8211; SP"}]},{"@type":"WebSite","@id":"https:\/\/clinicacorrentedobem.com.br\/#website","url":"https:\/\/clinicacorrentedobem.com.br\/","name":"Cl\u00ednica Corrente do Bem","description":"Depend\u00eancia Qu\u00edmica, Alcoolismo e Transtornos Mentais","potentialAction":[{"@type":"SearchAction","target":{"@type":"EntryPoint","urlTemplate":"https:\/\/clinicacorrentedobem.com.br\/?s={search_term_string}"},"query-input":{"@type":"PropertyValueSpecification","valueRequired":true,"valueName":"search_term_string"}}],"inLanguage":"pt-BR"}]}},"_links":{"self":[{"href":"https:\/\/clinicacorrentedobem.com.br\/index.php?rest_route=\/wp\/v2\/clinica\/2429","targetHints":{"allow":["GET"]}}],"collection":[{"href":"https:\/\/clinicacorrentedobem.com.br\/index.php?rest_route=\/wp\/v2\/clinica"}],"about":[{"href":"https:\/\/clinicacorrentedobem.com.br\/index.php?rest_route=\/wp\/v2\/types\/clinica"}],"wp:featuredmedia":[{"embeddable":true,"href":"https:\/\/clinicacorrentedobem.com.br\/index.php?rest_route=\/wp\/v2\/media\/2494"}],"wp:attachment":[{"href":"https:\/\/clinicacorrentedobem.com.br\/index.php?rest_route=%2Fwp%2Fv2%2Fmedia&parent=2429"}],"wp:term":[{"taxonomy":"tipos","embeddable":true,"href":"https:\/\/clinicacorrentedobem.com.br\/index.php?rest_route=%2Fwp%2Fv2%2Ftipos&post=2429"}],"curies":[{"name":"wp","href":"https:\/\/api.w.org\/{rel}","templated":true}]}}

<h4>Estrutura</h4>
<p>Piscina, lago para pesca, campo de futebol, Sala de TV, Sala de jogos,  Monitor 24h, Psicólogo,<br />
Psiquiatra, Enfermeiro, Terapeuta, Quartos coletivos, 4 refeições</p>
The gallery was not found!

<!-- This site is optimized with the Yoast SEO plugin v27.4 - https://yoast.com/product/yoast-seo-wordpress/ -->
<title>Unidade Itu 2 - SP - Clínica Corrente do Bem</title>
<meta name="robots" content="index, follow, max-snippet:-1, max-image-preview:large, max-video-preview:-1" />
<link rel="canonical" href="https://clinicacorrentedobem.com.br/?clinica=clinica-de-reabilitacao-itu-2-sp" />
<meta property="og:locale" content="pt_BR" />
<meta property="og:type" content="article" />
<meta property="og:title" content="Unidade Itu 2 - SP - Clínica Corrente do Bem" />
<meta property="og:description" content="Estrutura Piscina, lago para pesca, campo de futebol, Sala de TV, Sala de jogos,  Monitor 24h, Psicólogo, Psiquiatra, Enfermeiro, Terapeuta, Quartos coletivos, 4 refeições" />
<meta property="og:url" content="https://clinicacorrentedobem.com.br/?clinica=clinica-de-reabilitacao-itu-2-sp" />
<meta property="og:site_name" content="Clínica Corrente do Bem" />
<meta property="og:image" content="https://clinicacorrentedobem.com.br/wp-content/uploads/2017/10/IMG-20180619-WA0029.jpg" />
	<meta property="og:image:width" content="1040" />
	<meta property="og:image:height" content="780" />
	<meta property="og:image:type" content="image/jpeg" />
<meta name="twitter:card" content="summary_large_image" />
<meta name="twitter:label1" content="Est. tempo de leitura" />
	<meta name="twitter:data1" content="1 minuto" />
<script type="application/ld+json" class="yoast-schema-graph">{"@context":"https:\/\/schema.org","@graph":[{"@type":"WebPage","@id":"https:\/\/clinicacorrentedobem.com.br\/?clinica=clinica-de-reabilitacao-itu-2-sp","url":"https:\/\/clinicacorrentedobem.com.br\/?clinica=clinica-de-reabilitacao-itu-2-sp","name":"Unidade Itu 2 - SP - Clínica Corrente do Bem","isPartOf":{"@id":"https:\/\/clinicacorrentedobem.com.br\/#website"},"primaryImageOfPage":{"@id":"https:\/\/clinicacorrentedobem.com.br\/?clinica=clinica-de-reabilitacao-itu-2-sp#primaryimage"},"image":{"@id":"https:\/\/clinicacorrentedobem.com.br\/?clinica=clinica-de-reabilitacao-itu-2-sp#primaryimage"},"thumbnailUrl":"https:\/\/clinicacorrentedobem.com.br\/wp-content\/uploads\/2017\/10\/IMG-20180619-WA0029.jpg","datePublished":"2017-10-12T13:00:53+00:00","breadcrumb":{"@id":"https:\/\/clinicacorrentedobem.com.br\/?clinica=clinica-de-reabilitacao-itu-2-sp#breadcrumb"},"inLanguage":"pt-BR","potentialAction":[{"@type":"ReadAction","target":["https:\/\/clinicacorrentedobem.com.br\/?clinica=clinica-de-reabilitacao-itu-2-sp"]}]},{"@type":"ImageObject","inLanguage":"pt-BR","@id":"https:\/\/clinicacorrentedobem.com.br\/?clinica=clinica-de-reabilitacao-itu-2-sp#primaryimage","url":"https:\/\/clinicacorrentedobem.com.br\/wp-content\/uploads\/2017\/10\/IMG-20180619-WA0029.jpg","contentUrl":"https:\/\/clinicacorrentedobem.com.br\/wp-content\/uploads\/2017\/10\/IMG-20180619-WA0029.jpg","width":1040,"height":780},{"@type":"BreadcrumbList","@id":"https:\/\/clinicacorrentedobem.com.br\/?clinica=clinica-de-reabilitacao-itu-2-sp#breadcrumb","itemListElement":[{"@type":"ListItem","position":1,"name":"Início","item":"https:\/\/clinicacorrentedobem.com.br\/"},{"@type":"ListItem","position":2,"name":"Unidade Itu 2 &#8211; SP"}]},{"@type":"WebSite","@id":"https:\/\/clinicacorrentedobem.com.br\/#website","url":"https:\/\/clinicacorrentedobem.com.br\/","name":"Clínica Corrente do Bem","description":"Dependência Química, Alcoolismo e Transtornos Mentais","potentialAction":[{"@type":"SearchAction","target":{"@type":"EntryPoint","urlTemplate":"https:\/\/clinicacorrentedobem.com.br\/?s={search_term_string}"},"query-input":{"@type":"PropertyValueSpecification","valueRequired":true,"valueName":"search_term_string"}}],"inLanguage":"pt-BR"}]}</script>
<!-- / Yoast SEO plugin. -->

Unidade Itu 2 - SP - Clínica Corrente do Bem

Estrutura Piscina, lago para pesca, campo de futebol, Sala de TV, Sala de jogos,  Monitor 24h, Psicólogo, Psiquiatra, Enfermeiro, Terapeuta, Quartos coletivos, 4 refeições

Clínica Corrente do Bem

Início

Dependência Química, Alcoolismo e Transtornos Mentais
