{"id":641,"date":"2017-05-19T20:31:55","date_gmt":"2017-05-19T23:31:55","guid":{"rendered":"http:\/\/localhost\/wordpress\/teste\/?page_id=641"},"modified":"2024-12-09T14:40:36","modified_gmt":"2024-12-09T17:40:36","slug":"dsm-5","status":"publish","type":"page","link":"https:\/\/clinicacorrentedobem.com.br\/?page_id=641","title":{"rendered":"DSM 5"},"content":{"rendered":"\t\t<div data-elementor-type=\"wp-page\" data-elementor-id=\"641\" class=\"elementor elementor-641\" data-elementor-post-type=\"page\">\n\t\t\t\t\t\t<section class=\"elementor-section elementor-top-section elementor-element elementor-element-5258bac2 elementor-section-boxed elementor-section-height-default elementor-section-height-default\" data-id=\"5258bac2\" data-element_type=\"section\" data-e-type=\"section\">\n\t\t\t\t\t\t<div class=\"elementor-container elementor-column-gap-default\">\n\t\t\t\t\t<div class=\"elementor-column elementor-col-100 elementor-top-column elementor-element elementor-element-693acc26\" data-id=\"693acc26\" data-element_type=\"column\" data-e-type=\"column\">\n\t\t\t<div class=\"elementor-widget-wrap elementor-element-populated\">\n\t\t\t\t\t\t<div class=\"elementor-element elementor-element-126e5611 elementor-widget elementor-widget-text-editor\" data-id=\"126e5611\" data-element_type=\"widget\" data-e-type=\"widget\" data-widget_type=\"text-editor.default\">\n\t\t\t\t<div class=\"elementor-widget-container\">\n\t\t\t\t\t\t\t\t\t<h4>Crit\u00e9rios de avalia\u00e7\u00e3o de uso e abuso de subst\u00e2ncias\u00a0 qu\u00edmicas segundo DSM-5\/2013<br \/>Crit\u00e9rios para transtornos relacionados ao uso de subst\u00e2ncias qu\u00edmicas segundo DSM-5<\/h4><p align=\"justify\">( Manual Diagn\u00f3stico e Estat\u00edstico de Transtornos Mentais), foi publicado em 18 de maio de 2013 e \u00e9 a vers\u00e3o atual do manual.)<\/p><h4>Um padr\u00e3o mal-adaptativo de uso da subst\u00e2ncia levando a preju\u00edzo ou sofrimento clinicamente significativo, manifestado por dois (ou mais) dos seguintes crit\u00e9rios, ocorrendo a qualquer momento no mesmo per\u00edodo de 12 meses:<\/h4><div align=\"justify\"><ol><li>A subst\u00e2ncia \u00e9 frequentemente consumida em maiores quantidades ou por um per\u00edodo mais longo do que o pretendido.<\/li><li>Existe um desejo persistente ou esfor\u00e7os mal-sucedidos no sentido de reduzir ou controlar o uso da subst\u00e2ncia.<\/li><li>Muito tempo \u00e9 gasto em atividades necess\u00e1rias para a obten\u00e7\u00e3o da subst\u00e2ncia, na utiliza\u00e7\u00e3o ou na recupera\u00e7\u00e3o de seus efeitos.<\/li><li>Fissura, desejo intenso ou urg\u00eancia em consumir a subst\u00e2ncia (craving).<\/li><li>Uso recorrente da subst\u00e2ncia resultando em fracasso para cumprir obriga\u00e7\u00f5es importantes relativas a seu papel no trabalho, na escola ou em casa.<\/li><li>O uso da subst\u00e2ncia continua, apesar de problemas sociais ou interpessoais persistentes ou recorrentes causados ou exacerbados pelos seus efeitos.<\/li><li>Importantes atividades sociais, ocupacionais ou recreativas s\u00e3o abandonadas ou reduzidas em virtude do uso da subst\u00e2ncia.<\/li><li>Uso recorrente da subst\u00e2ncia em situa\u00e7\u00f5es nas quais isto representa perigo f\u00edsico.<\/li><li>O uso da subst\u00e2ncia continua, apesar da consci\u00eancia de ter um problema f\u00edsico ou psicol\u00f3gico persistente ou recorrente que tende a ser causado ou exacerbado pelo uso.<\/li><li>Toler\u00e2ncia, definida por qualquer um dos seguintes aspectos:(a) necessidade de quantidades progressivamente maiores da subst\u00e2ncia para adquirir a intoxica\u00e7\u00e3o ou efeito desejado;<br \/>(b) acentuada redu\u00e7\u00e3o do efeito com uso continuado da mesma quantidade da subst\u00e2ncia.<\/li><li>Abstin\u00eancia, manifestada por qualquer dos seguintes aspectos:(a) s\u00edndrome de abstin\u00eancia caracter\u00edstica para a subst\u00e2ncia;<br \/>(b) a subst\u00e2ncia \u00e9 consumida para aliviar ou evitar sintomas de abstin\u00eancia.<\/li><\/ol><\/div><h4>A classifica\u00e7\u00e3o da gravidade do transtorno baseia-se na quantidade de crit\u00e9rios acima preenchidos pelo indiv\u00edduo, sendo:<\/h4><p align=\"justify\"><strong>Leve<\/strong>: presen\u00e7a de 2 a 3 sintomas<br \/><strong>Moderada<\/strong>: presen\u00e7a de 4 a 5 sintomas<br \/><strong>Grave<\/strong>: presen\u00e7a de 6 ou mais sintomas<\/p>\t\t\t\t\t\t\t\t<\/div>\n\t\t\t\t<\/div>\n\t\t\t\t\t<\/div>\n\t\t<\/div>\n\t\t\t\t\t<\/div>\n\t\t<\/section>\n\t\t\t\t<\/div>\n\t\t","protected":false},"excerpt":{"rendered":"<p>Crit\u00e9rios de avalia\u00e7\u00e3o de uso e abuso de subst\u00e2ncias\u00a0 qu\u00edmicas segundo DSM-5\/2013Crit\u00e9rios para transtornos relacionados ao uso de subst\u00e2ncias qu\u00edmicas segundo DSM-5 ( Manual Diagn\u00f3stico e Estat\u00edstico de Transtornos Mentais), foi publicado em 18 de maio de 2013 e \u00e9 a vers\u00e3o atual do manual.) Um padr\u00e3o mal-adaptativo de uso da subst\u00e2ncia levando a preju\u00edzo [&hellip;]<\/p>\n","protected":false},"author":1,"featured_media":0,"parent":0,"menu_order":0,"comment_status":"closed","ping_status":"closed","template":"","meta":{"footnotes":""},"class_list":["post-641","page","type-page","status-publish","hentry"],"yoast_head":"<!-- This site is optimized with the Yoast SEO plugin v27.4 - https:\/\/yoast.com\/product\/yoast-seo-wordpress\/ -->\n<title>DSM 5 - Cl\u00ednica Corrente do Bem<\/title>\n<meta name=\"robots\" content=\"index, follow, max-snippet:-1, max-image-preview:large, max-video-preview:-1\" \/>\n<link rel=\"canonical\" href=\"https:\/\/clinicacorrentedobem.com.br\/?page_id=641\" \/>\n<meta property=\"og:locale\" content=\"pt_BR\" \/>\n<meta property=\"og:type\" content=\"article\" \/>\n<meta property=\"og:title\" content=\"DSM 5 - Cl\u00ednica Corrente do Bem\" \/>\n<meta property=\"og:description\" content=\"Crit\u00e9rios de avalia\u00e7\u00e3o de uso e abuso de subst\u00e2ncias\u00a0 qu\u00edmicas segundo DSM-5\/2013Crit\u00e9rios para transtornos relacionados ao uso de subst\u00e2ncias qu\u00edmicas segundo DSM-5 ( Manual Diagn\u00f3stico e Estat\u00edstico de Transtornos Mentais), foi publicado em 18 de maio de 2013 e \u00e9 a vers\u00e3o atual do manual.) Um padr\u00e3o mal-adaptativo de uso da subst\u00e2ncia levando a preju\u00edzo [&hellip;]\" \/>\n<meta property=\"og:url\" content=\"https:\/\/clinicacorrentedobem.com.br\/?page_id=641\" \/>\n<meta property=\"og:site_name\" content=\"Cl\u00ednica Corrente do Bem\" \/>\n<meta property=\"article:modified_time\" content=\"2024-12-09T17:40:36+00:00\" \/>\n<meta name=\"twitter:card\" content=\"summary_large_image\" \/>\n<meta name=\"twitter:label1\" content=\"Est. tempo de leitura\" \/>\n\t<meta name=\"twitter:data1\" content=\"2 minutos\" \/>\n<script type=\"application\/ld+json\" class=\"yoast-schema-graph\">{\"@context\":\"https:\\\/\\\/schema.org\",\"@graph\":[{\"@type\":\"WebPage\",\"@id\":\"https:\\\/\\\/clinicacorrentedobem.com.br\\\/?page_id=641\",\"url\":\"https:\\\/\\\/clinicacorrentedobem.com.br\\\/?page_id=641\",\"name\":\"DSM 5 - Cl\u00ednica Corrente do Bem\",\"isPartOf\":{\"@id\":\"https:\\\/\\\/clinicacorrentedobem.com.br\\\/#website\"},\"datePublished\":\"2017-05-19T23:31:55+00:00\",\"dateModified\":\"2024-12-09T17:40:36+00:00\",\"breadcrumb\":{\"@id\":\"https:\\\/\\\/clinicacorrentedobem.com.br\\\/?page_id=641#breadcrumb\"},\"inLanguage\":\"pt-BR\",\"potentialAction\":[{\"@type\":\"ReadAction\",\"target\":[\"https:\\\/\\\/clinicacorrentedobem.com.br\\\/?page_id=641\"]}]},{\"@type\":\"BreadcrumbList\",\"@id\":\"https:\\\/\\\/clinicacorrentedobem.com.br\\\/?page_id=641#breadcrumb\",\"itemListElement\":[{\"@type\":\"ListItem\",\"position\":1,\"name\":\"In\u00edcio\",\"item\":\"https:\\\/\\\/clinicacorrentedobem.com.br\\\/\"},{\"@type\":\"ListItem\",\"position\":2,\"name\":\"DSM 5\"}]},{\"@type\":\"WebSite\",\"@id\":\"https:\\\/\\\/clinicacorrentedobem.com.br\\\/#website\",\"url\":\"https:\\\/\\\/clinicacorrentedobem.com.br\\\/\",\"name\":\"Cl\u00ednica Corrente do Bem\",\"description\":\"Depend\u00eancia Qu\u00edmica, Alcoolismo e Transtornos Mentais\",\"potentialAction\":[{\"@type\":\"SearchAction\",\"target\":{\"@type\":\"EntryPoint\",\"urlTemplate\":\"https:\\\/\\\/clinicacorrentedobem.com.br\\\/?s={search_term_string}\"},\"query-input\":{\"@type\":\"PropertyValueSpecification\",\"valueRequired\":true,\"valueName\":\"search_term_string\"}}],\"inLanguage\":\"pt-BR\"}]}<\/script>\n<!-- \/ Yoast SEO plugin. -->","yoast_head_json":{"title":"DSM 5 - Cl\u00ednica Corrente do Bem","robots":{"index":"index","follow":"follow","max-snippet":"max-snippet:-1","max-image-preview":"max-image-preview:large","max-video-preview":"max-video-preview:-1"},"canonical":"https:\/\/clinicacorrentedobem.com.br\/?page_id=641","og_locale":"pt_BR","og_type":"article","og_title":"DSM 5 - Cl\u00ednica Corrente do Bem","og_description":"Crit\u00e9rios de avalia\u00e7\u00e3o de uso e abuso de subst\u00e2ncias\u00a0 qu\u00edmicas segundo DSM-5\/2013Crit\u00e9rios para transtornos relacionados ao uso de subst\u00e2ncias qu\u00edmicas segundo DSM-5 ( Manual Diagn\u00f3stico e Estat\u00edstico de Transtornos Mentais), foi publicado em 18 de maio de 2013 e \u00e9 a vers\u00e3o atual do manual.) Um padr\u00e3o mal-adaptativo de uso da subst\u00e2ncia levando a preju\u00edzo [&hellip;]","og_url":"https:\/\/clinicacorrentedobem.com.br\/?page_id=641","og_site_name":"Cl\u00ednica Corrente do Bem","article_modified_time":"2024-12-09T17:40:36+00:00","twitter_card":"summary_large_image","twitter_misc":{"Est. tempo de leitura":"2 minutos"},"schema":{"@context":"https:\/\/schema.org","@graph":[{"@type":"WebPage","@id":"https:\/\/clinicacorrentedobem.com.br\/?page_id=641","url":"https:\/\/clinicacorrentedobem.com.br\/?page_id=641","name":"DSM 5 - Cl\u00ednica Corrente do Bem","isPartOf":{"@id":"https:\/\/clinicacorrentedobem.com.br\/#website"},"datePublished":"2017-05-19T23:31:55+00:00","dateModified":"2024-12-09T17:40:36+00:00","breadcrumb":{"@id":"https:\/\/clinicacorrentedobem.com.br\/?page_id=641#breadcrumb"},"inLanguage":"pt-BR","potentialAction":[{"@type":"ReadAction","target":["https:\/\/clinicacorrentedobem.com.br\/?page_id=641"]}]},{"@type":"BreadcrumbList","@id":"https:\/\/clinicacorrentedobem.com.br\/?page_id=641#breadcrumb","itemListElement":[{"@type":"ListItem","position":1,"name":"In\u00edcio","item":"https:\/\/clinicacorrentedobem.com.br\/"},{"@type":"ListItem","position":2,"name":"DSM 5"}]},{"@type":"WebSite","@id":"https:\/\/clinicacorrentedobem.com.br\/#website","url":"https:\/\/clinicacorrentedobem.com.br\/","name":"Cl\u00ednica Corrente do Bem","description":"Depend\u00eancia Qu\u00edmica, Alcoolismo e Transtornos Mentais","potentialAction":[{"@type":"SearchAction","target":{"@type":"EntryPoint","urlTemplate":"https:\/\/clinicacorrentedobem.com.br\/?s={search_term_string}"},"query-input":{"@type":"PropertyValueSpecification","valueRequired":true,"valueName":"search_term_string"}}],"inLanguage":"pt-BR"}]}},"_links":{"self":[{"href":"https:\/\/clinicacorrentedobem.com.br\/index.php?rest_route=\/wp\/v2\/pages\/641","targetHints":{"allow":["GET"]}}],"collection":[{"href":"https:\/\/clinicacorrentedobem.com.br\/index.php?rest_route=\/wp\/v2\/pages"}],"about":[{"href":"https:\/\/clinicacorrentedobem.com.br\/index.php?rest_route=\/wp\/v2\/types\/page"}],"author":[{"embeddable":true,"href":"https:\/\/clinicacorrentedobem.com.br\/index.php?rest_route=\/wp\/v2\/users\/1"}],"replies":[{"embeddable":true,"href":"https:\/\/clinicacorrentedobem.com.br\/index.php?rest_route=%2Fwp%2Fv2%2Fcomments&post=641"}],"version-history":[{"count":11,"href":"https:\/\/clinicacorrentedobem.com.br\/index.php?rest_route=\/wp\/v2\/pages\/641\/revisions"}],"predecessor-version":[{"id":1617,"href":"https:\/\/clinicacorrentedobem.com.br\/index.php?rest_route=\/wp\/v2\/pages\/641\/revisions\/1617"}],"wp:attachment":[{"href":"https:\/\/clinicacorrentedobem.com.br\/index.php?rest_route=%2Fwp%2Fv2%2Fmedia&parent=641"}],"curies":[{"name":"wp","href":"https:\/\/api.w.org\/{rel}","templated":true}]}}